
True
Is 12839 a prime number?
False
Is 133851 a prime number?
False
Is 3607 composite?
False
Is 7789 a prime number?
True
Is 43346 composite?
True
Is 2081 a prime number?
True
Is 1116565 composite?
True
Is 385109 a prime number?
True
Is 68861 a composite number?
True
Is 64669 a composite number?
True
Is 76177 a composite number?
True
Is 107171 prime?
True
Is 183569 a composite number?
False
Is 136558 prime?
False
Is 51955 prime?
False
Is 30143 composite?
True
Is 41579 a composite number?
False
Is 72019 a composite number?
False
Is 9759 prime?
False
Is 494539 a composite number?
False
Is 1711 composite?
True
Is 122345 prime?
False
Is 842799 composite?
True
Is 23755 composite?
True
Is 452627 composite?
True
Is 39647 prime?
False
Is 97323 composite?
True
Is 208799 a prime number?
True
Is 6805 a composite number?
True
Is 3386 prime?
False
Is 255545 composite?
True
Is 394481 composite?
False
Is 250711 composite?
True
Is 20141 a prime number?
False
Is 47869 prime?
True
Is 168695 a prime number?
False
Is 1963243 prime?
True
Is 33 composite?
True
Is 6671 a prime number?
False
Is 79327 a prime number?
False
Is 172001 a composite number?
False
Is 121687 a composite number?
False
Is 1186805 prime?
False
Is 303223 composite?
True
Is 24347 composite?
True
Is 32209 composite?
True
Is 15559 composite?
False
Is 254899 a composite number?
False
Is 71542 prime?
False
Is 7807 a composite number?
True
Is 66077 a prime number?
False
Is 103511 composite?
False
Is 18347 prime?
False
Is 208645 composite?
True
Is 96146 composite?
True
Is 529 a composite number?
True
Is 30434 composite?
True
Is 12071 a composite number?
False
Is 58039 a composite number?
True
Is 7717 a prime number?
True
Is 11009 composite?
True
Is 211 a composite number?
False
Is 223379 a prime number?
False
Is 2182 a prime number?
False
Is 18599 prime?
False
Is 135931 composite?
True
Is 20731 a prime number?
True
Is 5063 a prime number?
False
Is 22853 a composite number?
False
Is 85991 a composite number?
False
Is 514297 composite?
True
Is 41401 a prime number?
False
Is 26017 prime?
True
Is 373 a composite number?
False
Is 81478 prime?
False
Is 118273 prime?
True
Is 16787 prime?
True
Is 144659 composite?
False
Is 79303 a composite number?
True
Is 90221 composite?
True
Is 26369 prime?
False
Is 4201 a composite number?
False
Is 21923 prime?
False
Is 48457 a prime number?
False
Is 20089 prime?
True
Is 11359 a prime number?
False
Is 221203 a prime number?
True
Is 519 composite?
True
Is 789 a prime number?
False
Is 5917 a prime number?
False
Is 110521 a composite number?
True
Is 3817 a composite number?
True
Is 137099 composite?
True
Is 213337 a prime number?
True
Is 9901 a composite number?
False
Is 20617 a composite number?
True
Is 53555 a prime number?
False
Is 1381 a composite number?
False
Is 7037 composite?
True
Is 6029 composite?
False
Is 67919 composite?
True
Is 432923 composite?
False
Is 39898 composite?
True
Is 404686 a prime number?
False
Is 1900667 a prime number?
True
Is 25219 prime?
True
Is 2497083 a composite number?
True
Is 277813 a composite number?
False
Is 341617 composite?
False
Is 309421 composite?
True
Is 4421 prime?
True
Is 23249 composite?
True
Is 201329 a prime number?
True
Is 1027 prime?
False
Is 8191 composite?
False
Is 15859 composite?
False
Is 781427 a prime number?
True
Is 8035 prime?
False
Is 318347 prime?
True
Is 56569 composite?
False
Is 102605 composite?
True
Is 29005 a composite number?
True
Is 179623 prime?
True
Is 38299 prime?
True
Is 150743 a composite number?
False
Is 1352269 prime?
True
Is 16373 prime?
False
Is 2273829 a prime number?
False
Is 3737 prime?
False
Is 169571 composite?
True
Is 154379 prime?
False
Is 115589 composite?
False
Is 365903 a composite number?
False
Is 58447 prime?
False
Is 5623 a prime number?
True
Is 5045 prime?
False
Is 1211 a prime number?
False
Is 75171 prime?
False
Is 10489 prime?
False
Is 7031 a composite number?
True
Is 10243 a prime number?
True
Is 76295 prime?
False
Is 4547 a prime number?
True
Is 3683 a composite number?
True
Is 253763 a prime number?
True
Is 4721 prime?
True
Is 1031317 composite?
True
Is 4177 composite?
False
Is 36035 prime?
False
Is 559631 composite?
False
Is 1454929 composite?
True
Is 98609 composite?
True
Is 15683 a prime number?
True
Is 1261 a prime number?
False
Is 6119 composite?
True
Is 10211 composite?
False
Is 43913 composite?
False
Is 491327 a composite number?
False
Is 9029 prime?
True
Is 6259 composite?
True
Is 201139 a composite number?
False
Is 1193711 prime?
True
Is 122491 a composite number?
True
Is 139571 a composite number?
False
Is 6826 a composite number?
True
Is 10541 composite?
True
Is 204413 a composite number?
True
Is 997 a composite number?
False
Is 677 composite?
False
Is 5791 prime?
True
Is 28979 prime?
True
Is 313471 a composite number?
False
Is 16217 a composite number?
False
Is 116483 prime?
True
Is 537271 a prime number?
False
Is 625585 a composite number?
True
Is 1163 composite?
False
Is 111778 a composite number?
True
Is 3691 composite?
False
Is 8131 a composite number?
True
Is 320653 composite?
True
Is 74999 composite?
True
Is 919 a prime number?
True
Is 55439 composite?
False
Is 3409 a prime number?
False
Is 58397 a prime number?
False
Is 20318 a prime number?
False
Is 1391231 prime?
False
Is 12757 a composite number?
False
Is 107021 composite?
False
Is 24133 a prime number?
True
Is 70631 a prime number?
False
Is 984457 prime?
True
Is 1087 prime?
True
Is 1876767 composite?
True
Is 668153 prime?
True
Is 799091 a composite number?
False
Is 2681 composite?
True
Is 2476735 a composite number?
True
Is 3599 prime?
False
Is 36973 a prime number?
True
Is 18635 prime?
False
Is 1255855 composite?
True
Is 1878649 a composite number?
True
Is 7715 composite?
True
Is 8989 composite?
True
Is 3761 a composite number?
False
Is 1226 prime?
False
Is 1918181 prime?
True
Is 14273 composite?
True
Is 34647 a composite number?
True
Is 1426027 prime?
False
Is 218753 prime?
False
Is 8353 a composite number?
False
Is 164509 a prime number?
False
Is 89027 a prime number?
False
Is 363797 a prime number?
False
Is 89783 prime?
True
Is 1633151 a prime number?
False
Is 2843 a composite number?
False
Is 319 a composite number?
True
Is 1810421 a composite number?
False
Is 48239 a composite number?
False
Is 3163 prime?
True
Is 15557 a composite number?
True
Is 5627 a composite number?
True
Is 11729 composite?
True
Is 10781 prime?
True
Is 85043 composite?
True
Is 35213 a prime number?
False
Is 98801 a composite number?
False
Is 6134 a prime number?
False
Is 553 a composite number?
True
Is 209249 a prime number?
True
Is 423699 a prime number?
False
Is 673 a composite number?
False
Is 917347 prime?
False
Is 7817 prime?
True
Is 212871 prime?
False
Is 64859 a prime number?
False
Is 145066 a composite number?
True
Is 100003 a composite number?
False
Is 591517 a prime number?
False
Is 36194 a prime number?
False
Is 1469 a prime number?
False
Is 1685 a composite number?
True
Is 6387 prime?
False
Is 184019 a prime number?
False
Is 27773 a composite number?
False
Is 64747 composite?
False
Is 201065 prime?
False
Is 6379 composite?
False
Is 29599 a prime number?
True
Is 25385 a prime number?
False
Is 3559 prime?
True
Is 1657 a prime number?
True
Is 3217 a prime number?
True
Is 272239 prime?
False
Is 17089 a prime number?
False
Is 122251 prime?
True
Is 10037 a prime number?
True
Is 75353 prime?
True
Is 20249 prime?
True
Is 10057 a composite number?
True
Is 13267 a composite number?
False
Is 2509 a composite number?
True
Is 551669 composite?
True
Is 10687 a composite number?
False
Is 901067 a prime number?
True
Is 257529 a composite number?
True
Is 204991 a prime number?
False
Is 1222219 a prime number?
True
Is 169817 a composite number?
False
Is 13939 a composite number?
True
Is 343193 a prime number?
True
Is 24793 prime?
True
Is 63923 a prime number?
False
Is 411029 prime?
False
Is 45233 a composite number?
False
Is 39901 composite?
False
Is 408071 composite?
False
Is 175211 prime?
True
Is 688309 a composite number?
False
Is 21149 a prime number?
True
Is 123811 composite?
True
Is 156389 a composite number?
True
Is 20707 a prime number?
True
Is 117721 composite?
False
Is 419699 composite?
True
Is 87603 prime?
False
Is 15501